- -1))).
-1
Evaluate 44 - (50 + (-45 - 49)).
88
What is 36 + (10 - 1) + -8 + -20 + 24?
41
-1 + 3 + (-29 - (17 - (-27 + 10)))
-61
Calculate 71 - (102 + -41) - 30.
-20
-35 + 13 + -32 - -17
-37
What is 47 + 28 + -54 + -87?
-66
(37 - -1) + -7 + (-16 + 21 - -8)
44
What is the value of 156 + -320 - -190 - (0 - (-1 + -4))?
21
What is 320 + -370 + (15 - 2) - -15?
-22
What is -22 + (-259 - -70 - -110)?
-101
What is 1 - 5 - ((46 - 23 - 6) + -24)?
3
1 + (33 - (-32 + (22 - -7)))
37
What is the value of -19 + (12 - -5 - (15 + 45))?
-62
What is the value of -148 + 16 + -71 + 129 + -18?
-92
Evaluate -6 + (0 - -1 - (8 + -11)) - (-754 + 760).
-8
Evaluate 25 + -26 + 20 + 18 - 4.
33
What is -25 + (4 + 10 + 5 - 11) + (7 - -6)?
-4
What is the value of (14 - ((-15 - -23) + -4)) + 4?
14
49 - (-52 - (-24 + 17))
94
Calculate (-105 - -4) + 29 + -26 + -8 + 14.
-92
Evaluate -16 - (-68 + (12 - -17) + -17) - -17.
57
What is the value of -122 + -50 + 127 - 79?
-124
(-5 - -8 - 10) + (82 - 98)
-23
Evaluate 11 - (10 - (20 - 8) - -43).
-30
Evaluate (-1 - (166 + -157 + (4 - 1))) + -2 - 128.
-143
Evaluate (11 + 5 + 1 + -11 - 3) + 13.
16
Evaluate 11 + 0 + (76 - 16) + -66 + -44.
-39
What is (1 - 4) + (-196 + 200 - (-32 - -3))?
30
1 + -21 + 7 + 5 - -15
7
Calculate -16 + 31 + -2 + 5 + 80 + 8.
106
Calculate 49 + -20 + 4 - -14.
47
Evaluate (8 - -123) + (0 - (2 + (7 - -7))).
115
What is -44 - 34 - -57 - -2?
-19
(3 - (58 + -11)) + 18 + -22
-48
Calculate (4 - (2 + -7)) + -61 + 80.
28
What is the value of 3 + (18 - (17 - -10)) + (2 - 3 - 27)?
-34
Evaluate -9 + (21 + -5 - 43) + 79.
43
What is the value of (17 - (47 + -8)) + 23?
1
(63 - (-4 + 4 - -8)) + -5 + 3 + 3
56
-3 + (10 - (-3 + 10)) - (-19 - 52)
71
-33 + -1 + -61 + -9 + 36
-68
What is the value of (-25 + 8 + (17 - 19) - -30) + -100?
-89
What is the value of 15 + (-11 - (5 - (-13 + 22))) + -9?
-1
Calculate -12 - (1 - 25 - -14) - (81 - (0 - -2)).
-81
1 + -73 - (-7725 + 7711)
-58
15 + (-209 + 218 - (0 + (131 - 1)))
-106
What is (-16 - (-7 + (14 - 13))) + (40 - 11)?
19
What is the value of -76 - -1 - (1300 + -1359)?
-16
Evaluate (1 - -49) + (36 - 28).
58
Evaluate (-9 - -2) + (13 - (26 - (-17 - -21))) + -65.
-81
(-12 + 23 - 14) + 135 - 39
93
What is (26 - -8 - 64) + 0 + -7 + -1 + -1?
-39
What is 2 + 1 - (4 + 9 + -5) - (-1593 + 1526)?
62
Evaluate (0 + 1 - -8 - (2525 + -2515)) + -1.
-2
Evaluate (-90 - -59) + 61 - -35.
65
What is 3 + (4 - -29) + (-25 - 0 - -11)?
22
Calculate 38 + 6 + -128 - -132.
48
Calculate 83 + -47 + -22 - (-3 + -55).
72
What is the value of -74 - (60 + (-174 - -32))?
8
What is -22 - -15 - -62 - (0 + -1 - -5)?
51
What is -2 + -28 + 55 + -15 + (-4 - -7)?
13
What is -4 - (-8 + 1) - -37 - (-7 + 3 + -4)?
48
What is -41 + -17 + (14 - 23) + 28?
-39
What is the value of 1 - -4 - (-102 - (-104 + -20))?
-17
What is 13 + (-25 - (-27 + -9) - -15)?
39
-13 - (98 - (-14 + 27 + -12)) - (5 - 10)
-105
Evaluate (-17 - (-37 - -15)) + -3.
2
Calculate 9 + 3 - (10 - 12 - -28).
-14
(-67 - (1 - 6)) + (-67 - (-8 - 77))
-44
Calculate -41 + (118 - (20 - -38)).
19
What is the value of 25 + 1 + (4 - (-8 + 2 + 12 + 8))?
16
15 + (-45 - -14) + -2 + 7 + (1 - -2)
-8
What is the value of -1370 - -1255 - (-28 + 2 - 1)?
-88
Evaluate 3 + (22 - 39 - 40).
-54
-28 - -2 - -12 - (-5 + 6 + -2 - 2)
-11
Evaluate (-90 - -20 - -25) + 36.
-9
What is (-8 - (43 + -63 + (6 - 0)) - -33) + 0?
39
Evaluate -22 + 13 + (17 - (-16 - -6)) - 29.
-11
-47 - (50 + 5 - 88)
-14
-11 - (-580 + 612 + (-5 - 2))
-36
What is the value of (2 - ((6 - (20 - 0)) + 25)) + -23?
-32
Calculate (6 - 41 - (-38 + 15)) + -26.
-38
What is -4 - (27 + -4 + (-20 + -15 - -133))?
-125
What is 15 + 28 + 64 + -96?
11
-66 - (-3 - -83) - -56
-90
Calculate 22 - (-63 + 98) - 28.
-41
3 - ((-3 - -7) + -2) - (-40 - -39)
2
-75 - ((21 - 0) + (-403 - -418))
-111
Evaluate (1 - 5 - 31) + (47 - (38 - -4)).
-30
Evaluate -57 + (9 + 16 - -54).
22
What is the value of -448 + 487 + -6 + 2?
35
What is the value of -2 + -4 - (-15 - (-12 + 11) - (22 + -38))?
-8
Calculate -2 + 1 + -36 - (143 + (-120 - 29)).
-31
What is 6 + ((6 - 96) + 0 - (-4 + -11))?
-69
10 + 1 - ((29 - (11 + 3 - 10)) + -60)
46
Evaluate 1 - (121 - (-3 + 9)) - (32 - (19 - -22)).
-105
What is the value of -4 - (5 - (18 - 3 - (5 - 3))) - 22?
-18
-80 + (-1 - 71) + 100
-52
What is -72 - -96 - ((6 + -2 - 5) + 7)?
18
Evaluate 2 + -3 - -4 - -4 - (-696 + 629).
74
Calculate -73 - (-130 + (-6 - -64)).
-1
82 - (77 + -21 + 10)
16
What is the value of 51 + 14 + -20 + (-88 - -66)?
23
What is (-33 - (12 + -7)) + (-11 - -3 - -5 - 6)?
-47
Evaluate 8 + 2 + (6 - (8 + 0 + -3)) + -4.
7
(6 - 6) + (0 - -30) + -52 + (37 - -12)
27
(16 + -21 - -24) + -32
-13
What is (-41 + 14 - -62) + 84?
119
((19 - 11) + 1 - -3) + -6 - (-52 + -2)
60
Calculate -53 - (-53 + 29 + -17).
-12
Evaluate -25 + 34 - (11 + -5 + -13 + 5 + 13).
-2
Evaluate (-2 - 12) + -41 + 51 + -23 + -3.
-30
29 + (-3 - (-10 - 24) - 34 - (0 - -8))
18
What is the value of 20 + (-4 - 8) - (-6 - (41 + -33))?
22
-45 + -20 + 44 + 16
-5
What is 5 + -31 + (16 - -33) - 38?
-15
74 + (-79 - -64) + -24
35
Calculate -29 + 52 + 64 + -72 + 0 + 15.
30
What is the value of -6 - (-12 - -23) - 103 - 16 - -2?
-134
Evaluate 1 - 5 - (-222 + 192) - 85.
-59
Evaluate 31 - (-1 - (25 - (-9 - -25))).
41
What is the value of -991 + 1044 - (2 + 46)?
5
Calculate 74 + (-113 - -55) + 11.
27
Calculate 43 - ((1 - -1) + (-142 - -158)).
25
What is 2 - -3 - (311 + -340)?
34
What is (-9 - -7) + (12 - 2) + -9 - (82 - 82)?
-1
-1 + 3 + 39 - (6 - -1 - (24 - 10))
48
What is the value of -1 + 6 + (4 - 7) + 1 + 0 - -10?
13
What is -121 + 10 + -1 - (8 + -6 - 0) - -13?
-101
Evaluate (-18 + -26 - 4) + -5 - 13.
-66
What is the value of (-40 - (-79 - 105)) + -109?
35
What is 42 + (2 - (22 - (7 + (1 - 0))) - -4)?
34
Evaluate -84 + 62 + 29 + 2 + 0 + -6 - -46.
49
What is the value of (-5 - -1) + -84 + (55 - -3)?
-30
Calculate (16 - 58) + (50 - 18) + 47.
37
Calculate -62 - 13 - -154 - 25.
54
8 + 12 + 73 - 170
-77
What is the value of (10 - 1) + -51 - (23 - 12 - 17 - -1)?
-37
-39 + -33 + 29 - -46
3
What is the value of -84 - -196 - 93 - (0 + 15)?
4
Evaluate (17 - (-5 + 24) - -14) + (-5 - (45 - 1)).
-37
(4 - (-2 + -7 + 82 + -76 + 7)) + -5
-5
Calculate -14 + 16 + (-2 - -6) - (-491 + 444).
53
What is 2 + (-2 - (-3 - -14)) + (-833 - -808) - -2?
-34
Calculate -6 - -2 - (2963 + -2994).
27
Evaluate 2 - (-12 - 2) - ((-138 - -10) + 109).
35
What is 38 - (40 + -27 + -20) - -44?
89
Calculate -1 - -40 - (-1802 - -1835) - (1 + 1 - 26).
30
Evaluate (-1 - (5 + 0)) + 13392 + -13391 - -75.
70
Evaluate 2 + -80 + (-1 - (-37 - -24)).
-66
Calculate 1 + 46 - (-763 - -814).
-4
What is -2 - (9 + -1) - (-15 - -1 - (62 + -20))?
46
What is (39 - (25 + 8) - (2 + 4)) + 1 + -10?
-9
(51 - 0) + ((-29 - -40) + 6 - 24)
44
Calculate (-1 - 0) + (-28 + -1 - -2) + 299 + -311.
-40
Calculate -3 + -124 + -967 + 1030.
-64
What is the value of -43 - (5 + (19 - 46) + 54)?
-75
What is the value of 14 + (-36 - (35 + -24))?
-33
What is 21 + (-49 - 35 - -28)?
-35
What is the value of (-127 - -34) + 80 - (6 + -2 + 2)?
-19
Evaluate 38 + 0 - (10 + (10 - ((33 - 1) + -3))).
47
What is 76 - ((-4 - -28) + 21)?
31
Evaluate -5 + 3 - (13 - (2 - 1) - 2).
-12
Calculate 40 + -9 + -4 + -15 + 1 + 10.
23
What is -48 + 3 - (-10108 - -10033)?
30
What is ((-2 - -7 - 5) + -141 - -4) + 54 + -50?
-133
(-4 - -49) + (-41 - -77) - -23
104
What is (1 - -14) + (34 - (-16 + 6 + 34))?
25
What is 5 - -13 - (-8 - -25 - (-18 - -33))?
16
What is 62 + 4 + -53 + 70?
83
-9 - -3 - (3 - (-18 - -28) - -19)
-18
Calculate 36 - (48 + -15) - (-6 + (-20 - 7)).
36
Calculate (27 - -3) + (-19 - -1) + 0 + 16.
28
Evaluate -36 + (36 - -24) + (0 - 14).
10
What is the value of (1 - 24) + (46 - 1)?
22
Calculate (-54 - -4) + 19 + 3 + -32 - -11.
-49
Calculate 561 + -594 + 48 + -2.
13
Evaluate (2 - -17) + -4 + 16 + (-3 - 17) + 84.
95
Evaluate (49 - ((0 - 2) + 10)) + (17 - (-4 - -12)).
50
74 + -36 + 35 + -100
-27
Calculate -1 + -72 + -2 - (-488 - -478).
-65
Evaluate 28 - (-15 + (58 - -19)).
-34
What is the value of -34 + (-6 - 4) + (6 - -16) + -4?
-26
54 + 26 + -3 + 0 + -39
38
Evaluate 25 + (-41 + 18 + 7 - -26).
35
-109 + 103 + -115 - -95
-26
What is the value of (3 - (-6 + 6 - 10)) + (3 - 96 - -8)?
-72
What is 44 - 4 - (-332 - -400)?
-28
What is the value of 37 - (-58 - -36 - (-10 - -1))?
5